{"id":869,"date":"2017-01-25T15:30:23","date_gmt":"2017-01-25T15:30:23","guid":{"rendered":"http:\/\/projekt.grossauer-blaskapelle.de\/?page_id=869"},"modified":"2017-08-30T11:31:49","modified_gmt":"2017-08-30T11:31:49","slug":"impressum","status":"publish","type":"page","link":"https:\/\/www.grossauer-blaskapelle.de\/?page_id=869","title":{"rendered":"Impressum"},"content":{"rendered":"<p>Zum Inhalt gem\u00e4\u00df \u00a7 28 BDSG widerspreche ich ausschlie\u00dflich jeder kommerziellen Verwendung und Weitergabe dieser gesamten Daten einschlie\u00dflich der Mediendateien.<\/p>\n<h6>Verantwortungsbereich<\/h6>\n<p>Das Impressum gilt nur f\u00fcr die Internetpr\u00e4senz unter der Adresse: http:\/\/www.Grossauer-Blaskapelle.de<\/p>\n<h5>Abgrenzung<\/h5>\n<p>Die Web-Pr\u00e4senz ist Teil des World Wide Webs und dementsprechend mit fremden, sich jederzeit wandeln k\u00f6nnenden Web-Sites verkn\u00fcpft, die folglich auch nicht diesem Verantwortungsbereich unterliegen und f\u00fcr die nachfolgende Informationen nicht gelten. Dass die Links weder gegen Sitten noch Gesetze versto\u00dfen, wurde genau ein mal gepr\u00fcft: bevor sie hier aufgenommen wurden. Solche Links, die zu fremden Webprojekten f\u00fchren, erkennen Sie daran: Schriftsymbol oder Graphik-URL oder\/und es geht ein neues Browserfenster auf<\/p>\n<h6>Informationsanbieter<\/h6>\n<p>Gro\u00dfauer Blaskapelle, Produktion und Vertrieb von Musik<\/p>\n<h6>Zweck dieses Webprojektes<\/h6>\n<p>Werbung und\u00a0gemeinschaftliche Pr\u00e4sentation<\/p>\n<h6>Journalistisch-redaktionelle Realisierung<\/h6>\n<p>Georg Fleischer,\u00a0Vogteistra\u00dfe 47,\u00a0D-51647 Gummersbach<\/p>\n<h6>Datenschutz<\/h6>\n<p>Personenbezogene Daten werden nur mit Ihrem Wissen und Ihrer Einwilligung erhoben. Auf Antrag erhalten Sie unentgeltlich Auskunft zu den \u00fcber Sie gespeicherten personenbezogenen Daten. Wenden Sie sich dazu bitte an: Georg Fleischer ( mail(a)GeorgFleischer.de )<\/p>\n<h6>Keine Haftung<\/h6>\n<p>Die Inhalte dieses Webprojektes wurden sorgf\u00e4ltig gepr\u00fcft und nach bestem Wissen erstellt. Aber f\u00fcr die hier dargebotenen Informationen wird kein Anspruch auf Vollst\u00e4ndigkeit, Aktualit\u00e4t, Qualit\u00e4t und Richtigkeit erhoben. Es kann keine Verantwortung f\u00fcr Sch\u00e4den \u00fcbernommen werden, die durch das Vertrauen auf die Inhalte dieser Website oder deren Gebrauch entstehen.<\/p>\n<h6>Schutzrechtsverletzung<\/h6>\n<p>Falls Sie vermuten, dass von dieser Website aus eines Ihrer Schutzrechte verletzt wird, teilen Sie das bitte umgehend per elektronischer Post mit, damit z\u00fcgig Abhilfe geschafft werden kann.<br \/>\nBitte nehmen Sie zur Kenntnis; die zeitaufw\u00e4ndige Einschaltung eines Anwaltes zur rechtlichen Kl\u00e4rung, die f\u00fcr den Anbieter als kostenpflichtige Abmahnung hervorgeht, entspricht nicht dessen wirklichen oder mutma\u00dflichen Willen.<\/p>\n<p>Vielen Dank f\u00fcr Ihren Besuch auf unseren Seiten. Wenn Sie Fragen zu den Terminen unserer Musik Proben oder anderen Veranstaltungen haben, so k\u00f6nnen Sie per E-Mail, Telefon oder auf dem Postweg Kontakt zu uns aufnehmen.<\/p>\n","protected":false},"excerpt":{"rendered":"<p>Zum Inhalt gem\u00e4\u00df \u00a7 28 BDSG widerspreche ich ausschlie\u00dflich jeder kommerziellen Verwendung und Weitergabe dieser gesamten Daten einschlie\u00dflich der Mediendateien. Verantwortungsbereich Das Impressum gilt nur f\u00fcr die Internetpr\u00e4senz unter der Adresse: http:\/\/www.Grossauer-Blaskapelle.de Abgrenzung Die Web-Pr\u00e4senz ist Teil des World Wide&#8230;<br \/><a class=\"read-more-button\" href=\"https:\/\/www.grossauer-blaskapelle.de\/?page_id=869\">Mehr Lesen<\/a><\/p>\n","protected":false},"author":1,"featured_media":0,"parent":0,"menu_order":0,"comment_status":"closed","ping_status":"closed","template":"","meta":{"footnotes":""},"class_list":["post-869","page","type-page","status-publish","hentry"],"_links":{"self":[{"href":"https:\/\/www.grossauer-blaskapelle.de\/index.php?rest_route=\/wp\/v2\/pages\/869","targetHints":{"allow":["GET"]}}],"collection":[{"href":"https:\/\/www.grossauer-blaskapelle.de\/index.php?rest_route=\/wp\/v2\/pages"}],"about":[{"href":"https:\/\/www.grossauer-blaskapelle.de\/index.php?rest_route=\/wp\/v2\/types\/page"}],"author":[{"embeddable":true,"href":"https:\/\/www.grossauer-blaskapelle.de\/index.php?rest_route=\/wp\/v2\/users\/1"}],"replies":[{"embeddable":true,"href":"https:\/\/www.grossauer-blaskapelle.de\/index.php?rest_route=%2Fwp%2Fv2%2Fcomments&post=869"}],"version-history":[{"count":5,"href":"https:\/\/www.grossauer-blaskapelle.de\/index.php?rest_route=\/wp\/v2\/pages\/869\/revisions"}],"predecessor-version":[{"id":1015,"href":"https:\/\/www.grossauer-blaskapelle.de\/index.php?rest_route=\/wp\/v2\/pages\/869\/revisions\/1015"}],"wp:attachment":[{"href":"https:\/\/www.grossauer-blaskapelle.de\/index.php?rest_route=%2Fwp%2Fv2%2Fmedia&parent=869"}],"curies":[{"name":"wp","href":"https:\/\/api.w.org\/{rel}","templated":true}]}}