{"id":25,"date":"2016-10-14T14:18:47","date_gmt":"2016-10-14T14:18:47","guid":{"rendered":"http:\/\/projekt.grossauer-blaskapelle.de\/?page_id=25"},"modified":"2026-04-02T15:20:18","modified_gmt":"2026-04-02T15:20:18","slug":"verein","status":"publish","type":"page","link":"https:\/\/www.grossauer-blaskapelle.de\/","title":{"rendered":"Verein"},"content":{"rendered":"\n<h3 class=\"wp-block-heading has-text-align-center has-large-font-size\">Aufruf<\/h3>\n\n\n\n<p class=\"has-text-align-center has-medium-font-size\">An alle ehemaligen Musiker oder deren Nachkommen<br>mit Bezug zu Gro\u00dfau und Siebenb\u00fcrgen.<\/p>\n\n\n\n<p class=\"has-text-align-center has-medium-font-size\">Packt eure Instrumente, macht Werbung f\u00fcr uns,<br>nehmt Kontakt mit uns auf. <\/p>\n\n\n\n<p class=\"has-text-align-center has-medium-font-size\">Wir wollen das Feuer das in uns steckt weiter tragen, die Gemeinschaft pflegen und Spa\u00df an der Blasmusik haben.<\/p>\n\n\n\n<p><br><\/p>\n\n\n<div class=\"wp-block-image\">\n<figure class=\"aligncenter size-medium\"><a href=\"https:\/\/www.grossauer-blaskapelle.de\/wp-content\/uploads\/2026\/04\/f5ead333-42b0-4ec1-9f3e-af2359f3f16d.jpeg\"><img loading=\"lazy\" decoding=\"async\" width=\"512\" height=\"640\" src=\"https:\/\/www.grossauer-blaskapelle.de\/wp-content\/uploads\/2026\/04\/f5ead333-42b0-4ec1-9f3e-af2359f3f16d-512x640.jpeg\" alt=\"\" class=\"wp-image-1320\" srcset=\"https:\/\/www.grossauer-blaskapelle.de\/wp-content\/uploads\/2026\/04\/f5ead333-42b0-4ec1-9f3e-af2359f3f16d-512x640.jpeg 512w, https:\/\/www.grossauer-blaskapelle.de\/wp-content\/uploads\/2026\/04\/f5ead333-42b0-4ec1-9f3e-af2359f3f16d-819x1024.jpeg 819w, https:\/\/www.grossauer-blaskapelle.de\/wp-content\/uploads\/2026\/04\/f5ead333-42b0-4ec1-9f3e-af2359f3f16d-768x960.jpeg 768w, https:\/\/www.grossauer-blaskapelle.de\/wp-content\/uploads\/2026\/04\/f5ead333-42b0-4ec1-9f3e-af2359f3f16d.jpeg 960w\" sizes=\"auto, (max-width: 512px) 100vw, 512px\" \/><\/a><\/figure>\n<\/div>\n\n\n<h3 class=\"wp-block-heading\">Gr\u00fcndung<\/h3>\n\n\n\n<p>Viele Freunde und Bekannte der Blaskapelle so wie auch unser Nachwuchs fragen sich, wie kam es dazu?<\/p>\n\n\n\n<p>Nun hierzu gibt das Ergebnis einer intensiven Recherche einen sehr informativen Aufschluss.<\/p>\n\n\n\n<p>So auch der Brief aus Geretsried; geschrieben am 07.Mai.2006 von Michael Liebhart VI\/16 \u2013 ehemaliger Schriftf\u00fchrer der Gro\u00dfauer Blaskapelle, adressiert an Georg Fleischer jun. VII\/1a, aktives Mitglied.<\/p>\n\n\n\n<p>Der Brief wurde als Kl\u00e4rung des Sachverhaltes zur Bestehung der Gro\u00dfauer Blaskapelle geschrieben und beinhaltete gleichzeitig einige Dokumente die hier als <a href=\"\/wp-content\/uploads\/2017\/01\/Monographie.pdf\" target=\"_blank\">Monographie<\/a> zur Chronik der Kapelle und als <a href=\"\/wp-content\/uploads\/2017\/04\/Sachforschung.pdf\" target=\"_blank\">Sachforschung<\/a> f\u00fcr den Blasmusikbestand erw\u00e4hnt werden.&nbsp; In der Zwischenzeit gibt es eine Aktualisierung dieser <a href=\"\/wp-content\/uploads\/2017\/04\/Sachforschung.pdf\" target=\"_blank\">Sachforschung<\/a> und eine <a href=\"\/wp-content\/uploads\/2017\/01\/Monographie_2.pdf\" target=\"_blank\">Monographie 2. Teil<\/a>, verfasst vom derzeitigen Vorstandsvorsitzenden Andreas Wagner.<\/p>\n\n\n\n<h3 class=\"wp-block-heading\">Vorstand<\/h3>\n\n\n\n<p>Alle uns bekannten Blasmusik Kollegen und Mitglieder, die in dem Zeitraum 1842 \u2013 2013 aktiv mitgewirkt haben,&nbsp; wurden schriftlich in der Sachforschung f\u00fcr den Blasmusikbestand erfasst und aufgelistet.<\/p>\n\n\n\n<p>An dieser Stelle m\u00f6chten wir ausdr\u00fccklich unseren herzlichsten Dank an die Kollegen aussprechen, die heute und auch in Zukunft aktiv mitwirken, denn es ist nicht mehr selbstverst\u00e4ndlich in der heutigen Zeit, dass solch eine Tradition in Ehrenamtlichkeit gelebt und an die Nachfolger Generationen weiter gegeben wird.<\/p>\n\n\n<div class=\"wp-block-image\">\n<figure class=\"aligncenter size-large\"><a href=\"\/wp-content\/uploads\/2016\/10\/2012.jpg\"><img loading=\"lazy\" decoding=\"async\" width=\"1024\" height=\"768\" src=\"https:\/\/www.grossauer-blaskapelle.de\/wp-content\/uploads\/2016\/10\/2012-1024x768.jpg\" alt=\"170 j\u00e4hriges Jubil\u00e4um\" class=\"wp-image-17\" srcset=\"https:\/\/www.grossauer-blaskapelle.de\/wp-content\/uploads\/2016\/10\/2012-1024x768.jpg 1024w, https:\/\/www.grossauer-blaskapelle.de\/wp-content\/uploads\/2016\/10\/2012-300x225.jpg 300w, https:\/\/www.grossauer-blaskapelle.de\/wp-content\/uploads\/2016\/10\/2012-768x576.jpg 768w, https:\/\/www.grossauer-blaskapelle.de\/wp-content\/uploads\/2016\/10\/2012.jpg 1500w\" sizes=\"auto, (max-width: 1024px) 100vw, 1024px\" \/><\/a><\/figure>\n<\/div>\n\n\n<p class=\"has-text-align-center\">Vereinsmitglieder<\/p>\n","protected":false},"excerpt":{"rendered":"<p>Aufruf An alle ehemaligen Musiker oder deren Nachkommenmit Bezug zu Gro\u00dfau und Siebenb\u00fcrgen. Packt eure Instrumente, macht Werbung f\u00fcr uns,nehmt Kontakt mit uns auf. Wir wollen das Feuer das in uns steckt weiter tragen, die Gemeinschaft pflegen und Spa\u00df an&#8230;<br \/><a class=\"read-more-button\" href=\"https:\/\/www.grossauer-blaskapelle.de\/\">Mehr Lesen<\/a><\/p>\n","protected":false},"author":1,"featured_media":0,"parent":0,"menu_order":2,"comment_status":"closed","ping_status":"closed","template":"","meta":{"footnotes":""},"class_list":["post-25","page","type-page","status-publish","hentry"],"_links":{"self":[{"href":"https:\/\/www.grossauer-blaskapelle.de\/index.php?rest_route=\/wp\/v2\/pages\/25","targetHints":{"allow":["GET"]}}],"collection":[{"href":"https:\/\/www.grossauer-blaskapelle.de\/index.php?rest_route=\/wp\/v2\/pages"}],"about":[{"href":"https:\/\/www.grossauer-blaskapelle.de\/index.php?rest_route=\/wp\/v2\/types\/page"}],"author":[{"embeddable":true,"href":"https:\/\/www.grossauer-blaskapelle.de\/index.php?rest_route=\/wp\/v2\/users\/1"}],"replies":[{"embeddable":true,"href":"https:\/\/www.grossauer-blaskapelle.de\/index.php?rest_route=%2Fwp%2Fv2%2Fcomments&post=25"}],"version-history":[{"count":32,"href":"https:\/\/www.grossauer-blaskapelle.de\/index.php?rest_route=\/wp\/v2\/pages\/25\/revisions"}],"predecessor-version":[{"id":1344,"href":"https:\/\/www.grossauer-blaskapelle.de\/index.php?rest_route=\/wp\/v2\/pages\/25\/revisions\/1344"}],"wp:attachment":[{"href":"https:\/\/www.grossauer-blaskapelle.de\/index.php?rest_route=%2Fwp%2Fv2%2Fmedia&parent=25"}],"curies":[{"name":"wp","href":"https:\/\/api.w.org\/{rel}","templated":true}]}}

<h3 class="wp-block-heading has-text-align-center has-large-font-size">Aufruf</h3>



<p class="has-text-align-center has-medium-font-size">An alle ehemaligen Musiker oder deren Nachkommen<br>mit Bezug zu Großau und Siebenbürgen.</p>



<p class="has-text-align-center has-medium-font-size">Packt eure Instrumente, macht Werbung für uns,<br>nehmt Kontakt mit uns auf. </p>



<p class="has-text-align-center has-medium-font-size">Wir wollen das Feuer das in uns steckt weiter tragen, die Gemeinschaft pflegen und Spaß an der Blasmusik haben.</p>



<p><br></p>


<div class="wp-block-image">
<figure class="aligncenter size-medium"><a href="https://www.grossauer-blaskapelle.de/wp-content/uploads/2026/04/f5ead333-42b0-4ec1-9f3e-af2359f3f16d.jpeg"><img loading="lazy" decoding="async" width="512" height="640" src="https://www.grossauer-blaskapelle.de/wp-content/uploads/2026/04/f5ead333-42b0-4ec1-9f3e-af2359f3f16d-512x640.jpeg" alt="" class="wp-image-1320" srcset="https://www.grossauer-blaskapelle.de/wp-content/uploads/2026/04/f5ead333-42b0-4ec1-9f3e-af2359f3f16d-512x640.jpeg 512w, https://www.grossauer-blaskapelle.de/wp-content/uploads/2026/04/f5ead333-42b0-4ec1-9f3e-af2359f3f16d-819x1024.jpeg 819w, https://www.grossauer-blaskapelle.de/wp-content/uploads/2026/04/f5ead333-42b0-4ec1-9f3e-af2359f3f16d-768x960.jpeg 768w, https://www.grossauer-blaskapelle.de/wp-content/uploads/2026/04/f5ead333-42b0-4ec1-9f3e-af2359f3f16d.jpeg 960w" sizes="auto, (max-width: 512px) 100vw, 512px" /></a></figure>
</div>


<h3 class="wp-block-heading">Gründung</h3>



<p>Viele Freunde und Bekannte der Blaskapelle so wie auch unser Nachwuchs fragen sich, wie kam es dazu?</p>



<p>Nun hierzu gibt das Ergebnis einer intensiven Recherche einen sehr informativen Aufschluss.</p>



<p>So auch der Brief aus Geretsried; geschrieben am 07.Mai.2006 von Michael Liebhart VI/16 – ehemaliger Schriftführer der Großauer Blaskapelle, adressiert an Georg Fleischer jun. VII/1a, aktives Mitglied.</p>



<p>Der Brief wurde als Klärung des Sachverhaltes zur Bestehung der Großauer Blaskapelle geschrieben und beinhaltete gleichzeitig einige Dokumente die hier als <a href="/wp-content/uploads/2017/01/Monographie.pdf" target="_blank">Monographie</a> zur Chronik der Kapelle und als <a href="/wp-content/uploads/2017/04/Sachforschung.pdf" target="_blank">Sachforschung</a> für den Blasmusikbestand erwähnt werden.&nbsp; In der Zwischenzeit gibt es eine Aktualisierung dieser <a href="/wp-content/uploads/2017/04/Sachforschung.pdf" target="_blank">Sachforschung</a> und eine <a href="/wp-content/uploads/2017/01/Monographie_2.pdf" target="_blank">Monographie 2. Teil</a>, verfasst vom derzeitigen Vorstandsvorsitzenden Andreas Wagner.</p>



<h3 class="wp-block-heading">Vorstand</h3>



<p>Alle uns bekannten Blasmusik Kollegen und Mitglieder, die in dem Zeitraum 1842 – 2013 aktiv mitgewirkt haben,&nbsp; wurden schriftlich in der Sachforschung für den Blasmusikbestand erfasst und aufgelistet.</p>



<p>An dieser Stelle möchten wir ausdrücklich unseren herzlichsten Dank an die Kollegen aussprechen, die heute und auch in Zukunft aktiv mitwirken, denn es ist nicht mehr selbstverständlich in der heutigen Zeit, dass solch eine Tradition in Ehrenamtlichkeit gelebt und an die Nachfolger Generationen weiter gegeben wird.</p>


<div class="wp-block-image">
<figure class="aligncenter size-large"><a href="/wp-content/uploads/2016/10/2012.jpg"><img loading="lazy" decoding="async" width="1024" height="768" src="https://www.grossauer-blaskapelle.de/wp-content/uploads/2016/10/2012-1024x768.jpg" alt="170 jähriges Jubiläum" class="wp-image-17" srcset="https://www.grossauer-blaskapelle.de/wp-content/uploads/2016/10/2012-1024x768.jpg 1024w, https://www.grossauer-blaskapelle.de/wp-content/uploads/2016/10/2012-300x225.jpg 300w, https://www.grossauer-blaskapelle.de/wp-content/uploads/2016/10/2012-768x576.jpg 768w, https://www.grossauer-blaskapelle.de/wp-content/uploads/2016/10/2012.jpg 1500w" sizes="auto, (max-width: 1024px) 100vw, 1024px" /></a></figure>
</div>


<p class="has-text-align-center">Vereinsmitglieder</p>

<p>Aufruf An alle ehemaligen Musiker oder deren Nachkommenmit Bezug zu Großau und Siebenbürgen. Packt eure Instrumente, macht Werbung für uns,nehmt Kontakt mit uns auf. Wir wollen das Feuer das in uns steckt weiter tragen, die Gemeinschaft pflegen und Spaß an&#8230;<br /><a class="read-more-button" href="https://www.grossauer-blaskapelle.de/">Mehr Lesen</a></p>
